{"id":44,"date":"2013-05-23T11:37:00","date_gmt":"2013-05-23T09:37:00","guid":{"rendered":"http:\/\/www.dianara-joos.ch\/wordpress\/?page_id=44"},"modified":"2022-04-22T10:55:24","modified_gmt":"2022-04-22T08:55:24","slug":"person","status":"publish","type":"page","link":"http:\/\/www.dianara-joos.ch\/?page_id=44","title":{"rendered":"\u00dcBER MICH"},"content":{"rendered":"<h1>Wer bin ich\u2026<\/h1><p>&nbsp;<\/p><div style=\"direction: rtl;\"><a href=\"http:\/\/www.dianara-joos.ch\/wordpress\/wp-content\/uploads\/Dianara-Joos-02.jpg\"><img loading=\"lazy\" decoding=\"async\" width=\"200\" height=\"300\" class=\"alignnone size-medium wp-image-733\" alt=\"Dianara Joos 02\" src=\"http:\/\/www.dianara-joos.ch\/wordpress\/wp-content\/uploads\/Dianara-Joos-02-200x300.jpg\" srcset=\"http:\/\/www.dianara-joos.ch\/wordpress\/wp-content\/uploads\/Dianara-Joos-02-200x300.jpg 200w, http:\/\/www.dianara-joos.ch\/wordpress\/wp-content\/uploads\/Dianara-Joos-02-682x1024.jpg 682w\" sizes=\"auto, (max-width: 200px) 100vw, 200px\" \/><\/a><\/div><br \/><span style=\"font-family: arial, helvetica, sans-serif;\">Schon als Kind war ich fasziniert von der Sch\u00f6nheit, Vielf\u00e4ltigkeit und den Muster der Natur, stundenlang verbrachte ich spielend meine Zeit am Bach, verbunden mit dem Wasser, der Erde, der Luft und dem Feuer.<\/span><br \/><span style=\"font-family: arial, helvetica, sans-serif;\">Mein Forscher- und Entdeckergeist wollte schon immer wissen, was sich hinter dem grossen Ganzen verbirgt\u2026.<\/span><br \/><span style=\"font-family: arial, helvetica, sans-serif;\">So durfte ich\u00a0 viele \u201eGespr\u00e4ch\u201c mit der nicht \u201esichtbaren Welt \u201ef\u00fchren und wurde dadurch in die Verbindung zu meinem Herz und Bauchwissen gef\u00fchrt\u2026<\/span><br \/><span style=\"font-family: arial, helvetica, sans-serif;\">Zu &#8222;sehen&#8220;, zu &#8222;f\u00fchlen&#8220;, &#8222;wahrzunehmen&#8220;, all diese nat\u00fcrlichen F\u00e4higkeiten, begleiten mich schon das ganze Leben lang und sind ganz normal f\u00fcr mich.<\/span><br \/><span style=\"font-family: arial, helvetica, sans-serif;\">Bei meiner Arbeit im Kinderspital durfte ich erleben, wie ich durch die Ber\u00fchrung mit meinen H\u00e4nden viele \u00c4ngste bes\u00e4nftigen und Schmerzen lindern konnte.<\/span><br \/><span style=\"font-family: arial, helvetica, sans-serif;\">Die Erfahrung weckte in mir den Herzenswunsch, f\u00fcr mich ein neues T\u00e4tigkeitsfeld zu suchen, um den Menschen ganzheitlich begegnen zu k\u00f6nnen.<\/span><br \/><span style=\"font-family: arial, helvetica, sans-serif;\">Dem Impuls folgend lernte ich \u00fcber die Jahre zahlreiche wundervolle Menschen und LehrerInnen kennen und wurde in ihr tiefes Wissen eigef\u00fchrt und darin ausgebildet.<\/span><br \/><br \/><span style=\"font-family: arial, helvetica, sans-serif;\">F\u00fcr all dies bin ich von ganzem Herzen dankbar<\/span><p>&nbsp;<\/p><p>&nbsp;<\/p><h2><span style=\"font-family: arial, helvetica, sans-serif; font-size: 22px;\">Ausbildung<\/span><\/h2><span style=\"font-family: arial, helvetica, sans-serif;\">1990 <b>Dipl. Pflegefachfrau P\u00e4diatrie<\/b>\u00a0 im Kinderspital Aarau<br \/><\/span><span style=\"font-family: arial, helvetica, sans-serif;\">20 \u2013j\u00e4hrige Berufserfahrung mit Schwerpunkt \u00a0Medizin, Kinder\/Jugendpsychiatrie, Mutter\/Kind-Station, Frauenheilkunde, Spitex<br \/><\/span><p><span style=\"font-family: arial, helvetica, sans-serif;\">Mutter dreier S\u00f6hne : 96,98,04<\/span><br \/><span style=\"font-family: arial, helvetica, sans-serif;\">Geboren 1967\u00a0<br \/><\/span><\/p><p>&nbsp;<\/p><h1><span style=\"font-family: arial, helvetica, sans-serif; font-size: 22px;\">Weiterbildungen<br \/><span style=\"font-size: 14px;\"><br \/><\/span><\/span><\/h1><h1><span style=\"font-family: arial, helvetica, sans-serif;\"><span style=\"font-size: 14px;\">2021 &#8211;\u00a0Das Wissen der Mayas\u00a0bei Abuela Nah Kin (Dr. Eugenia Casarin), Mexico<\/span><\/span><\/h1><h1><span style=\"font-family: arial, helvetica, sans-serif; font-size: 14px;\">2021 &#8211; Soundhealing bei Zacciah Blackburn USA<br \/>2020 &#8211; High Tantra,Soundhealing bei Zacciah Blackburn USA<br \/><\/span><\/h1><h1><span style=\"font-size: 14px; font-family: arial, helvetica, sans-serif;\">2019 &#8211; <\/span><span style=\"font-size: 14px; font-family: arial, helvetica, sans-serif;\">High Tantra, Soundhealing\u00a0bei Zacciah Blackburn USA<\/span><\/h1><h1><span style=\"font-size: 14px; font-family: arial, helvetica, sans-serif;\">2019 &#8211; <\/span><span style=\"font-size: 14px; font-family: arial, helvetica, sans-serif;\">Das Wissen der Mayas\u00a0bei Abuela Nah Kin (Dr. Eugenia Casarin), Mexico<br \/>Eingeweiht als Ahaukan und Meisterin des Elementes Wasser und Luft<\/span><\/h1><h1><span style=\"font-size: 14px; font-family: arial, helvetica, sans-serif;\">2018 &#8211; <\/span><span style=\"font-size: 14px; font-family: arial, helvetica, sans-serif;\">Das Wissen der Mayas (Schwerpunkt Menopause) bei Abuela Nah Kin\u00a0(Dr. Eugenia Casarin),\u00a0\u00a0Mexico<\/span><\/h1><h1><span style=\"font-size: 14px; font-family: arial, helvetica, sans-serif;\">2018 &#8211; <\/span><span style=\"font-size: 14px; font-family: arial, helvetica, sans-serif;\">High Tantra\u00a0bei Zacciah Blackburn USA<\/span><\/h1><h1><span style=\"font-size: 14px; font-family: arial, helvetica, sans-serif;\">2017 &#8211; <\/span><span style=\"font-size: 14px; font-family: arial, helvetica, sans-serif;\">Soundhealing bei Zacciah Blackburn USA<\/span><\/h1><h1><span style=\"font-size: 14px; font-family: arial, helvetica, sans-serif;\">2017 &#8211; <\/span><span style=\"font-size: 14px; font-family: arial, helvetica, sans-serif;\">K\u00f6rper und Energiearbeit f\u00fcr Frauen bei Mayonah A.Bliss in Freiburg \/DE<\/span><\/h1><p><span style=\"font-size: 14px; font-family: arial, helvetica, sans-serif;\">2016 &#8211; <\/span><span style=\"font-size: 14px; font-family: arial, helvetica, sans-serif;\">High Tantra\u00a0bei Zacciah Blackburn USA<\/span><br \/><br \/><span style=\"font-size: 14px; font-family: arial, helvetica, sans-serif;\">2016 &#8211; <\/span><span style=\"font-size: 14px; font-family: arial, helvetica, sans-serif;\">K\u00f6rper und Energiearbeit f\u00fcr Frauen\u00a0\u00a0bei Mayonah A.Bliss <\/span><span style=\"font-size: 14px; font-family: arial, helvetica, sans-serif;\">in Freiburg\/DE<\/span><br \/><br \/><span style=\"font-size: 14px; font-family: arial, helvetica, sans-serif;\">2015 &#8211; <\/span><span style=\"font-size: 14px; font-family: arial, helvetica, sans-serif;\">High Tantra\u00a0bei Zacciah Blackburn USA<\/span><br \/><br \/><span style=\"font-size: 14px; font-family: arial, helvetica, sans-serif;\">2015 &#8211; <\/span><span style=\"font-size: 14px; font-family: arial, helvetica, sans-serif;\">K\u00f6rper und Energiearbeit f\u00fcr Frauen (Schossraumarbeit)\u00a0bei Mayonah A.Bliss in Freiburg\/DE<\/span><br \/><br \/><span style=\"font-size: 14px; font-family: arial, helvetica, sans-serif;\">2011 &#8211; kontinuierlich<\/span><br \/><span style=\"font-size: 14px; font-family: arial, helvetica, sans-serif;\">Der Rat der 13 indigenen Grossm\u00fctter<br \/><br \/>2010 &#8211; kontinuierlich\u00a0\u00a0\u00a0<br \/>Das Wissen der Mayas, das Wissen der Frau und Mutter der neuen Zeit\u00a0bei Abuela Nah Kin (Dr. Eugenia Casarin) Mexico ,eingeweiht als &#8222;Frau und Mutter der neuen Zeit&#8220;<br \/>Tr\u00e4gerin des Elements Feuers und Wassers<br \/><br \/>2008 &#8211; 2011<\/span><br \/><span style=\"font-size: 14px; font-family: arial, helvetica, sans-serif;\">Klangk\u00f6rper, \u00e4gyptische Mythologie und High Tantra\u00a0bei Zacciah Blackburn USA<\/span><br \/><br \/><span style=\"font-size: 14px; font-family: arial, helvetica, sans-serif;\">2007 &#8211; 2014\u00a0\u00a0<\/span><br \/><span style=\"font-size: 14px; font-family: arial, helvetica, sans-serif;\">Schamanische Heiltechniken und Frauenkreis\u00a0bei Loon Schneider in M\u00e4rstetten,\u00a0<\/span><br \/><span style=\"font-size: 14px; font-family: arial, helvetica, sans-serif;\">Viola Stollenmaier in M\u00fcllheim<\/span><br \/><br \/><span style=\"font-size: 14px; font-family: arial, helvetica, sans-serif;\">2002 &#8211; 2004<\/span><br \/><span style=\"font-size: 14px; font-family: arial, helvetica, sans-serif;\">\u201cDer 12 dimensionale Weg\u201e\u00a0(Medialit\u00e4t, Bewusstseinsarbeit, spirituelles Heilen \/ Chanelling) bei Antaris Mierke in M\u00fcnchen<\/span><br \/><br \/><span style=\"font-size: 14px; font-family: arial, helvetica, sans-serif;\">2000-2001<\/span><br \/><span style=\"font-size: 14px; font-family: arial, helvetica, sans-serif;\">Multivisionsmethodik (MV)\u00a0bei Antaris und Michael Mierke in M\u00fcnchen<\/span><br \/><br \/><span style=\"font-size: 14px; font-family: arial, helvetica, sans-serif;\">1998-2000\u00a0\u00a0<br \/>Schamanische Heiltechniken,Kristalle und Edelsteine\u00a0 bei Agnes Blum in Aarau<br \/><br \/>1994\u00a0\u00a0\u00a0<br \/>Reiki I,II\u00a0 bei Esther Joy K\u00f6nig in\u00a0 DIWAB Bern<\/span><br \/><br \/><span style=\"font-size: 14px; font-family: arial, helvetica, sans-serif;\">1994 &#8211; 2008<\/span><br \/><span style=\"font-size: 14px; font-family: arial, helvetica, sans-serif;\">Verschiedenste Kurse\u00a0 in Bewusstseinsbildung\u00a0\u00a0 bei DIWAB in Bern<\/span><br \/><br \/><span style=\"font-size: 14px; font-family: arial, helvetica, sans-serif;\">1993\u00a0<\/span><br \/><span style=\"font-size: 14px; font-family: arial, helvetica, sans-serif;\">Bachbl\u00fcten und andere Essenzen\u00a0 bei Willy K\u00fcttel in Brig<\/span><\/p><p><span style=\"font-size: 14px; font-family: arial, helvetica, sans-serif;\">Seit 2005 Praxismitglied und im Sommer 2008 \u00dcbernahme der Leitung der Praxis-Schauenburg in Liestal bis Ende 2016<br \/><br \/><\/span><\/p><h2><span style=\"font-family: arial, helvetica, sans-serif;\"><span style=\"font-size: 14px;\">\u00a0<\/span>Dianara\u2026<\/span><\/h2><p><span style=\"font-family: arial, helvetica, sans-serif;\">Der Name Dianara als mein Ursprungsname dr\u00fcckt meine Energie, meine Essenz, meine Schwingungen in Buchstaben aus und zeigt die Verbindung der r\u00f6m. G\u00f6ttin Diana (Mond) und des \u00e4gypt. Gottes Ra (Sonne).<\/span><\/p><p><span style=\"font-family: arial, helvetica, sans-serif;\">So begleitet mich das weibliche Element des Mondlichtes und das m\u00e4nnliche Element des Sonnenlichtes,von beiden Kr\u00e4ften getragen und unterst\u00fctzt ,sehe ich mich\u00a0als Vermittlerin zwischen Himmel und Erde\u2026..\u00a0 dem Planeten Erde\u00a0 \u2026.den Menschen, Pflanzen, Steinen und Tieren.<br \/><br \/><br \/><\/span><br \/><a href=\"http:\/\/www.dianara-joos.ch\/wordpress\/wp-content\/uploads\/Dianara-Joos-01.jpg\"><img loading=\"lazy\" decoding=\"async\" src=\"http:\/\/www.dianara-joos.ch\/wordpress\/wp-content\/uploads\/Dianara-Joos-01-300x200.jpg\" alt=\"Dianara Joos 01\" width=\"300\" height=\"200\" class=\"alignnone size-medium wp-image-736\" srcset=\"http:\/\/www.dianara-joos.ch\/wordpress\/wp-content\/uploads\/Dianara-Joos-01-300x200.jpg 300w, http:\/\/www.dianara-joos.ch\/wordpress\/wp-content\/uploads\/Dianara-Joos-01-1024x682.jpg 1024w\" sizes=\"auto, (max-width: 300px) 100vw, 300px\" \/><\/a><br \/><br \/><img loading=\"lazy\" decoding=\"async\" width=\"300\" height=\"184\" class=\"alignnone size-medium wp-image-197\" src=\"http:\/\/www.dianara-joos.ch\/wordpress\/wp-content\/uploads\/Hintergrund-Landingpage_Schildkrote1-300x184.png\" srcset=\"http:\/\/www.dianara-joos.ch\/wordpress\/wp-content\/uploads\/Hintergrund-Landingpage_Schildkrote1-300x184.png 300w, http:\/\/www.dianara-joos.ch\/wordpress\/wp-content\/uploads\/Hintergrund-Landingpage_Schildkrote1.png 700w\" sizes=\"auto, (max-width: 300px) 100vw, 300px\" \/><\/p>","protected":false},"excerpt":{"rendered":"<p>Wer bin ich\u2026&nbsp;Schon als Kind war ich fasziniert von der Sch\u00f6nheit, Vielf\u00e4ltigkeit und den Muster der Natur, stundenlang verbrachte ich spielend meine Zeit am Bach, verbunden mit dem Wasser, der Erde, der Luft und dem Feuer.Mein Forscher- und Entdeckergeist wollte schon immer wissen, was sich hinter dem grossen Ganzen verbirgt\u2026.So durfte ich\u00a0 viele \u201eGespr\u00e4ch\u201c mit [&hellip;]<\/p>\n","protected":false},"author":1,"featured_media":0,"parent":0,"menu_order":0,"comment_status":"closed","ping_status":"closed","template":"","meta":{"footnotes":""},"class_list":["post-44","page","type-page","status-publish","hentry"],"_links":{"self":[{"href":"http:\/\/www.dianara-joos.ch\/index.php?rest_route=\/wp\/v2\/pages\/44","targetHints":{"allow":["GET"]}}],"collection":[{"href":"http:\/\/www.dianara-joos.ch\/index.php?rest_route=\/wp\/v2\/pages"}],"about":[{"href":"http:\/\/www.dianara-joos.ch\/index.php?rest_route=\/wp\/v2\/types\/page"}],"author":[{"embeddable":true,"href":"http:\/\/www.dianara-joos.ch\/index.php?rest_route=\/wp\/v2\/users\/1"}],"replies":[{"embeddable":true,"href":"http:\/\/www.dianara-joos.ch\/index.php?rest_route=%2Fwp%2Fv2%2Fcomments&post=44"}],"version-history":[{"count":73,"href":"http:\/\/www.dianara-joos.ch\/index.php?rest_route=\/wp\/v2\/pages\/44\/revisions"}],"predecessor-version":[{"id":800,"href":"http:\/\/www.dianara-joos.ch\/index.php?rest_route=\/wp\/v2\/pages\/44\/revisions\/800"}],"wp:attachment":[{"href":"http:\/\/www.dianara-joos.ch\/index.php?rest_route=%2Fwp%2Fv2%2Fmedia&parent=44"}],"curies":[{"name":"wp","href":"https:\/\/api.w.org\/{rel}","templated":true}]}}

ÜBER MICH

<h1>Wer bin ich…</h1><p>&nbsp;</p><div style="direction: rtl;"><a href="http://www.dianara-joos.ch/wordpress/wp-content/uploads/Dianara-Joos-02.jpg"><img loading="lazy" decoding="async" width="200" height="300" class="alignnone size-medium wp-image-733" alt="Dianara Joos 02" src="http://www.dianara-joos.ch/wordpress/wp-content/uploads/Dianara-Joos-02-200x300.jpg" srcset="http://www.dianara-joos.ch/wordpress/wp-content/uploads/Dianara-Joos-02-200x300.jpg 200w, http://www.dianara-joos.ch/wordpress/wp-content/uploads/Dianara-Joos-02-682x1024.jpg 682w" sizes="auto, (max-width: 200px) 100vw, 200px" /></a></div><br /><span style="font-family: arial, helvetica, sans-serif;">Schon als Kind war ich fasziniert von der Schönheit, Vielfältigkeit und den Muster der Natur, stundenlang verbrachte ich spielend meine Zeit am Bach, verbunden mit dem Wasser, der Erde, der Luft und dem Feuer.</span><br /><span style="font-family: arial, helvetica, sans-serif;">Mein Forscher- und Entdeckergeist wollte schon immer wissen, was sich hinter dem grossen Ganzen verbirgt….</span><br /><span style="font-family: arial, helvetica, sans-serif;">So durfte ich  viele „Gespräch“ mit der nicht „sichtbaren Welt „führen und wurde dadurch in die Verbindung zu meinem Herz und Bauchwissen geführt…</span><br /><span style="font-family: arial, helvetica, sans-serif;">Zu &#8222;sehen&#8220;, zu &#8222;fühlen&#8220;, &#8222;wahrzunehmen&#8220;, all diese natürlichen Fähigkeiten, begleiten mich schon das ganze Leben lang und sind ganz normal für mich.</span><br /><span style="font-family: arial, helvetica, sans-serif;">Bei meiner Arbeit im Kinderspital durfte ich erleben, wie ich durch die Berührung mit meinen Händen viele Ängste besänftigen und Schmerzen lindern konnte.</span><br /><span style="font-family: arial, helvetica, sans-serif;">Die Erfahrung weckte in mir den Herzenswunsch, für mich ein neues Tätigkeitsfeld zu suchen, um den Menschen ganzheitlich begegnen zu können.</span><br /><span style="font-family: arial, helvetica, sans-serif;">Dem Impuls folgend lernte ich über die Jahre zahlreiche wundervolle Menschen und LehrerInnen kennen und wurde in ihr tiefes Wissen eigeführt und darin ausgebildet.</span><br /><br /><span style="font-family: arial, helvetica, sans-serif;">Für all dies bin ich von ganzem Herzen dankbar</span><p>&nbsp;</p><p>&nbsp;</p><h2><span style="font-family: arial, helvetica, sans-serif; font-size: 22px;">Ausbildung</span></h2><span style="font-family: arial, helvetica, sans-serif;">1990 <b>Dipl. Pflegefachfrau Pädiatrie</b>  im Kinderspital Aarau<br /></span><span style="font-family: arial, helvetica, sans-serif;">20 –jährige Berufserfahrung mit Schwerpunkt  Medizin, Kinder/Jugendpsychiatrie, Mutter/Kind-Station, Frauenheilkunde, Spitex<br /></span><p><span style="font-family: arial, helvetica, sans-serif;">Mutter dreier Söhne : 96,98,04</span><br /><span style="font-family: arial, helvetica, sans-serif;">Geboren 1967 <br /></span></p><p>&nbsp;</p><h1><span style="font-family: arial, helvetica, sans-serif; font-size: 22px;">Weiterbildungen<br /><span style="font-size: 14px;"><br /></span></span></h1><h1><span style="font-family: arial, helvetica, sans-serif;"><span style="font-size: 14px;">2021 &#8211; Das Wissen der Mayas bei Abuela Nah Kin (Dr. Eugenia Casarin), Mexico</span></span></h1><h1><span style="font-family: arial, helvetica, sans-serif; font-size: 14px;">2021 &#8211; Soundhealing bei Zacciah Blackburn USA<br />2020 &#8211; High Tantra,Soundhealing bei Zacciah Blackburn USA<br /></span></h1><h1><span style="font-size: 14px; font-family: arial, helvetica, sans-serif;">2019 &#8211; </span><span style="font-size: 14px; font-family: arial, helvetica, sans-serif;">High Tantra, Soundhealing bei Zacciah Blackburn USA</span></h1><h1><span style="font-size: 14px; font-family: arial, helvetica, sans-serif;">2019 &#8211; </span><span style="font-size: 14px; font-family: arial, helvetica, sans-serif;">Das Wissen der Mayas bei Abuela Nah Kin (Dr. Eugenia Casarin), Mexico<br />Eingeweiht als Ahaukan und Meisterin des Elementes Wasser und Luft</span></h1><h1><span style="font-size: 14px; font-family: arial, helvetica, sans-serif;">2018 &#8211; </span><span style="font-size: 14px; font-family: arial, helvetica, sans-serif;">Das Wissen der Mayas (Schwerpunkt Menopause) bei Abuela Nah Kin (Dr. Eugenia Casarin),  Mexico</span></h1><h1><span style="font-size: 14px; font-family: arial, helvetica, sans-serif;">2018 &#8211; </span><span style="font-size: 14px; font-family: arial, helvetica, sans-serif;">High Tantra bei Zacciah Blackburn USA</span></h1><h1><span style="font-size: 14px; font-family: arial, helvetica, sans-serif;">2017 &#8211; </span><span style="font-size: 14px; font-family: arial, helvetica, sans-serif;">Soundhealing bei Zacciah Blackburn USA</span></h1><h1><span style="font-size: 14px; font-family: arial, helvetica, sans-serif;">2017 &#8211; </span><span style="font-size: 14px; font-family: arial, helvetica, sans-serif;">Körper und Energiearbeit für Frauen bei Mayonah A.Bliss in Freiburg /DE</span></h1><p><span style="font-size: 14px; font-family: arial, helvetica, sans-serif;">2016 &#8211; </span><span style="font-size: 14px; font-family: arial, helvetica, sans-serif;">High Tantra bei Zacciah Blackburn USA</span><br /><br /><span style="font-size: 14px; font-family: arial, helvetica, sans-serif;">2016 &#8211; </span><span style="font-size: 14px; font-family: arial, helvetica, sans-serif;">Körper und Energiearbeit für Frauen  bei Mayonah A.Bliss </span><span style="font-size: 14px; font-family: arial, helvetica, sans-serif;">in Freiburg/DE</span><br /><br /><span style="font-size: 14px; font-family: arial, helvetica, sans-serif;">2015 &#8211; </span><span style="font-size: 14px; font-family: arial, helvetica, sans-serif;">High Tantra bei Zacciah Blackburn USA</span><br /><br /><span style="font-size: 14px; font-family: arial, helvetica, sans-serif;">2015 &#8211; </span><span style="font-size: 14px; font-family: arial, helvetica, sans-serif;">Körper und Energiearbeit für Frauen (Schossraumarbeit) bei Mayonah A.Bliss in Freiburg/DE</span><br /><br /><span style="font-size: 14px; font-family: arial, helvetica, sans-serif;">2011 &#8211; kontinuierlich</span><br /><span style="font-size: 14px; font-family: arial, helvetica, sans-serif;">Der Rat der 13 indigenen Grossmütter<br /><br />2010 &#8211; kontinuierlich   <br />Das Wissen der Mayas, das Wissen der Frau und Mutter der neuen Zeit bei Abuela Nah Kin (Dr. Eugenia Casarin) Mexico ,eingeweiht als &#8222;Frau und Mutter der neuen Zeit&#8220;<br />Trägerin des Elements Feuers und Wassers<br /><br />2008 &#8211; 2011</span><br /><span style="font-size: 14px; font-family: arial, helvetica, sans-serif;">Klangkörper, ägyptische Mythologie und High Tantra bei Zacciah Blackburn USA</span><br /><br /><span style="font-size: 14px; font-family: arial, helvetica, sans-serif;">2007 &#8211; 2014  </span><br /><span style="font-size: 14px; font-family: arial, helvetica, sans-serif;">Schamanische Heiltechniken und Frauenkreis bei Loon Schneider in Märstetten, </span><br /><span style="font-size: 14px; font-family: arial, helvetica, sans-serif;">Viola Stollenmaier in Müllheim</span><br /><br /><span style="font-size: 14px; font-family: arial, helvetica, sans-serif;">2002 &#8211; 2004</span><br /><span style="font-size: 14px; font-family: arial, helvetica, sans-serif;">“Der 12 dimensionale Weg„ (Medialität, Bewusstseinsarbeit, spirituelles Heilen / Chanelling) bei Antaris Mierke in München</span><br /><br /><span style="font-size: 14px; font-family: arial, helvetica, sans-serif;">2000-2001</span><br /><span style="font-size: 14px; font-family: arial, helvetica, sans-serif;">Multivisionsmethodik (MV) bei Antaris und Michael Mierke in München</span><br /><br /><span style="font-size: 14px; font-family: arial, helvetica, sans-serif;">1998-2000  <br />Schamanische Heiltechniken,Kristalle und Edelsteine  bei Agnes Blum in Aarau<br /><br />1994   <br />Reiki I,II  bei Esther Joy König in  DIWAB Bern</span><br /><br /><span style="font-size: 14px; font-family: arial, helvetica, sans-serif;">1994 &#8211; 2008</span><br /><span style="font-size: 14px; font-family: arial, helvetica, sans-serif;">Verschiedenste Kurse  in Bewusstseinsbildung   bei DIWAB in Bern</span><br /><br /><span style="font-size: 14px; font-family: arial, helvetica, sans-serif;">1993 </span><br /><span style="font-size: 14px; font-family: arial, helvetica, sans-serif;">Bachblüten und andere Essenzen  bei Willy Küttel in Brig</span></p><p><span style="font-size: 14px; font-family: arial, helvetica, sans-serif;">Seit 2005 Praxismitglied und im Sommer 2008 Übernahme der Leitung der Praxis-Schauenburg in Liestal bis Ende 2016<br /><br /></span></p><h2><span style="font-family: arial, helvetica, sans-serif;"><span style="font-size: 14px;"> </span>Dianara…</span></h2><p><span style="font-family: arial, helvetica, sans-serif;">Der Name Dianara als mein Ursprungsname drückt meine Energie, meine Essenz, meine Schwingungen in Buchstaben aus und zeigt die Verbindung der röm. Göttin Diana (Mond) und des ägypt. Gottes Ra (Sonne).</span></p><p><span style="font-family: arial, helvetica, sans-serif;">So begleitet mich das weibliche Element des Mondlichtes und das männliche Element des Sonnenlichtes,von beiden Kräften getragen und unterstützt ,sehe ich mich als Vermittlerin zwischen Himmel und Erde…..  dem Planeten Erde  ….den Menschen, Pflanzen, Steinen und Tieren.<br /><br /><br /></span><br /><a href="http://www.dianara-joos.ch/wordpress/wp-content/uploads/Dianara-Joos-01.jpg"><img loading="lazy" decoding="async" src="http://www.dianara-joos.ch/wordpress/wp-content/uploads/Dianara-Joos-01-300x200.jpg" alt="Dianara Joos 01" width="300" height="200" class="alignnone size-medium wp-image-736" srcset="http://www.dianara-joos.ch/wordpress/wp-content/uploads/Dianara-Joos-01-300x200.jpg 300w, http://www.dianara-joos.ch/wordpress/wp-content/uploads/Dianara-Joos-01-1024x682.jpg 1024w" sizes="auto, (max-width: 300px) 100vw, 300px" /></a><br /><br /><img loading="lazy" decoding="async" width="300" height="184" class="alignnone size-medium wp-image-197" src="http://www.dianara-joos.ch/wordpress/wp-content/uploads/Hintergrund-Landingpage_Schildkrote1-300x184.png" srcset="http://www.dianara-joos.ch/wordpress/wp-content/uploads/Hintergrund-Landingpage_Schildkrote1-300x184.png 300w, http://www.dianara-joos.ch/wordpress/wp-content/uploads/Hintergrund-Landingpage_Schildkrote1.png 700w" sizes="auto, (max-width: 300px) 100vw, 300px" /></p>

<p>Wer bin ich…&nbsp;Schon als Kind war ich fasziniert von der Schönheit, Vielfältigkeit und den Muster der Natur, stundenlang verbrachte ich spielend meine Zeit am Bach, verbunden mit dem Wasser, der Erde, der Luft und dem Feuer.Mein Forscher- und Entdeckergeist wollte schon immer wissen, was sich hinter dem grossen Ganzen verbirgt….So durfte ich  viele „Gespräch“ mit [&hellip;]</p>
