{"id":436,"date":"2014-05-19T19:33:25","date_gmt":"2014-05-19T17:33:25","guid":{"rendered":"http:\/\/www.dianara-joos.ch\/wordpress\/?page_id=436"},"modified":"2017-02-06T18:20:57","modified_gmt":"2017-02-06T16:20:57","slug":"mayawissen-madre-nah-kin","status":"publish","type":"page","link":"https:\/\/www.dianara-joos.ch\/?page_id=436","title":{"rendered":"Mayawissen &#8211; Abuela Nah Kin"},"content":{"rendered":"<h1>Mayawissen &#8211; Abuela Nah Kin<\/h1><p>Abuela Nah Kin \u2013 Dr. Eugenia Casarin ( Psychologin ), spirituelle Meisterin und Mayapriesterin aus Yukatan (Mexico) wurde schon mit au\u00dfersinnlichen F\u00e4higkeiten geboren und in fr\u00fchester Kindheit von ihrer Gro\u00dfmutter Camila, einer Heilerin und Hebamme,\u00a0in die schamanische Tradition der Maya eingeweiht.<br \/> <br \/><img loading=\"lazy\" decoding=\"async\" src=\"http:\/\/www.dianara-joos.ch\/wordpress\/wp-content\/uploads\/Mayawissen.png\" alt=\"\" class=\"alignnone size-full wp-image-440\" height=\"298\" width=\"296\" srcset=\"https:\/\/www.dianara-joos.ch\/wordpress\/wp-content\/uploads\/Mayawissen.png 296w, https:\/\/www.dianara-joos.ch\/wordpress\/wp-content\/uploads\/Mayawissen-150x150.png 150w\" sizes=\"auto, (max-width: 296px) 100vw, 296px\" \/><br \/>Sie ist die F\u00fchrerin der Sonnentradition der Mayas.<\/p><p>Ihr wurde der Name NAH (Mutter) KIN (Sonne) verliehen und sie ist auserw\u00e4hlt worden Schl\u00fcsselinformationen, die von den Meistern aller Zeiten bislang streng geh\u00fctet wurden, nun der Menschheit weiterzugeben.<\/p><p>Als &#8222;grosse Mutter&#8220; begleitet\u00a0 und unterrichtet sie Frauen in die Weisheit und das Wissen der &#8222;neuen Zeit&#8220;.<\/p><p>Bekannt aus dem Film\u2026 &#8222;der weisse Weg&#8220; und als Autorin des Buches &#8222;Lebe die G\u00f6ttin in dir&#8220;.<br \/><br \/><img loading=\"lazy\" decoding=\"async\" src=\"http:\/\/www.dianara-joos.ch\/wordpress\/wp-content\/uploads\/Hintergrund_Arbeitsweise-Kopie.png\" class=\"alignnone size-full wp-image-419\" height=\"291\" width=\"287\" \/><\/p>","protected":false},"excerpt":{"rendered":"<p>Mayawissen &#8211; Abuela Nah KinAbuela Nah Kin \u2013 Dr. Eugenia Casarin ( Psychologin ), spirituelle Meisterin und Mayapriesterin aus Yukatan (Mexico) wurde schon mit au\u00dfersinnlichen F\u00e4higkeiten geboren und in fr\u00fchester Kindheit von ihrer Gro\u00dfmutter Camila, einer Heilerin und Hebamme,\u00a0in die schamanische Tradition der Maya eingeweiht. Sie ist die F\u00fchrerin der Sonnentradition der Mayas.Ihr wurde der [&hellip;]<\/p>\n","protected":false},"author":1,"featured_media":0,"parent":21,"menu_order":0,"comment_status":"closed","ping_status":"closed","template":"","meta":{"footnotes":""},"class_list":["post-436","page","type-page","status-publish","hentry"],"_links":{"self":[{"href":"https:\/\/www.dianara-joos.ch\/index.php?rest_route=\/wp\/v2\/pages\/436","targetHints":{"allow":["GET"]}}],"collection":[{"href":"https:\/\/www.dianara-joos.ch\/index.php?rest_route=\/wp\/v2\/pages"}],"about":[{"href":"https:\/\/www.dianara-joos.ch\/index.php?rest_route=\/wp\/v2\/types\/page"}],"author":[{"embeddable":true,"href":"https:\/\/www.dianara-joos.ch\/index.php?rest_route=\/wp\/v2\/users\/1"}],"replies":[{"embeddable":true,"href":"https:\/\/www.dianara-joos.ch\/index.php?rest_route=%2Fwp%2Fv2%2Fcomments&post=436"}],"version-history":[{"count":10,"href":"https:\/\/www.dianara-joos.ch\/index.php?rest_route=\/wp\/v2\/pages\/436\/revisions"}],"predecessor-version":[{"id":670,"href":"https:\/\/www.dianara-joos.ch\/index.php?rest_route=\/wp\/v2\/pages\/436\/revisions\/670"}],"up":[{"embeddable":true,"href":"https:\/\/www.dianara-joos.ch\/index.php?rest_route=\/wp\/v2\/pages\/21"}],"wp:attachment":[{"href":"https:\/\/www.dianara-joos.ch\/index.php?rest_route=%2Fwp%2Fv2%2Fmedia&parent=436"}],"curies":[{"name":"wp","href":"https:\/\/api.w.org\/{rel}","templated":true}]}}