{"id":63,"date":"2013-05-23T12:16:37","date_gmt":"2013-05-23T10:16:37","guid":{"rendered":"http:\/\/www.dianara-joos.ch\/wordpress\/?page_id=63"},"modified":"2020-05-07T10:59:58","modified_gmt":"2020-05-07T08:59:58","slug":"mensch-3","status":"publish","type":"page","link":"https:\/\/www.dianara-joos.ch\/?page_id=63","title":{"rendered":"Kind &#8211; Sein"},"content":{"rendered":"<h1>Kind-Sein<\/h1><h1><\/h1><h2><\/h2><h2>Zeit f\u00fcr Selbstvertrauen<\/h2><h2>\u00a0\u00a0\u00a0\u00a0\u00a0\u00a0\u00a0\u00a0\u00a0 \u2026Freude<\/h2><h2>\u00a0\u00a0\u00a0\u00a0\u00a0\u00a0\u00a0\u00a0\u00a0\u00a0\u00a0\u00a0\u00a0 \u2026und Balance<br \/><br \/><br \/><\/h2><p><img loading=\"lazy\" decoding=\"async\" src=\"http:\/\/www.dianara-joos.ch\/wordpress\/wp-content\/uploads\/Kind_Sein1.png\" alt=\"\" class=\"alignnone size-full wp-image-275\" height=\"230\" width=\"350\" srcset=\"https:\/\/www.dianara-joos.ch\/wordpress\/wp-content\/uploads\/Kind_Sein1.png 350w, https:\/\/www.dianara-joos.ch\/wordpress\/wp-content\/uploads\/Kind_Sein1-300x197.png 300w\" sizes=\"auto, (max-width: 350px) 100vw, 350px\" \/><br \/><br \/><\/p><p>Ein lachendes Kind verzaubert die Welt in Fr\u00f6hlichkeit und Unbeschwertheit, und\u00a0 l\u00e4sst unsere Herzen aufbl\u00fchen\u2026\u2026<\/p><h3><br \/>Die Kinder unserer Zeit<\/h3><p>Diese Kinder auch <b>Indigo, Sternen und Kristallkinder genannt,<\/b> bringen neue Herausforderungen mit, auf der einen Seite \u00fcberm\u00e4ssige Talente, auf der anderen Seite <br \/> Entwicklungsproblematiken k\u00f6rperlicher, seelischer und sozialer Art.<br \/> Der wache, klare Geist dieser Kinder fordert uns auf, unsere eigene Wahrheit zu finden. Sie zu verstehen und ihre Pers\u00f6nlichkeit zu st\u00e4rken, erfordert viel Geduld, <br \/> Verst\u00e4ndnis und Liebe.<br \/><br \/><\/p><p><img loading=\"lazy\" decoding=\"async\" src=\"http:\/\/www.dianara-joos.ch\/wordpress\/wp-content\/uploads\/Kind_Sein2.png\" alt=\"\" class=\"alignnone size-full wp-image-276\" height=\"277\" width=\"260\" \/><br \/><br \/><\/p><h3>Anwendungsgebiete<\/h3><b>&#8211; <\/b>Unruhige Babys \/ Schreikinder<br \/>&#8211; ADHS\/ADS-Problematiken<br \/>&#8211; Hochsensibilit\u00e4t<br \/>&#8211; Schwierigkeiten Kindergarten\/Schule\/Pubert\u00e4t<br \/>&#8211; Schlafst\u00f6rungen<br \/>&#8211; Schmerzen jeglicher Art<br \/>&#8211; Depression<br \/>&#8211; Essst\u00f6rungen<br \/>&#8211; Scheidung \/Patchworkfamilien<br \/>&#8211; Angst\/Trauer<br \/>&#8211; Drogen<br \/><br \/><br \/><h3>Meine Methoden<\/h3><p><b>&#8211; <\/b>Beratung und Gespr\u00e4che<br \/>&#8211; Energetische K\u00f6rperzentrierung<br \/>&#8211; Bachbl\u00fcten und andere Essenzen<br \/>&#8211; Edelsteine und Kristalle<br \/>&#8211; Rituale<br \/>&#8211; Horoskop und Lebensketten<\/p><p>Eignet sich auch zur Begleitung von \u00e4rztlicher Betreuung, z.Bsp. Kinder- und Jugendpsychiatrie, Schulpsychologischer Dienst, Heilp\u00e4dagogik Hom\u00f6opathie und medikament\u00f6se<br \/>Behandlung.<\/p><p>Die Kinder\/Jugendliche sind sehr offen und empf\u00e4nglich f\u00fcr diese Art von Therapie und gelangen dadurch zu innerer Ruhe, Ausgeglichenheit und Entspannung.<\/p><p>Kontaktiere mich unverbindlich f\u00fcr weitere Fragen, Termine nach telefonischer Absprache oder per Mail m\u00f6glich.<br \/><b>Dianara Joos <\/b>079 721 52 03, <a href=\"mailto:kontakt@dianara-joos.ch\">kontakt@dianara-joos.ch<br \/><br \/><\/a><a target=\"_blank\" href=\"http:\/\/www.dianara-joos.ch\">www.dianara-joos.ch<br \/><\/a><a target=\"_blank\" href=\"http:\/\/www.praxis-schauenburg.ch\">www.<\/a>all-woman.ch<br \/><br \/><a href=\"http:\/\/www.dianara-joos.ch\/wordpress\/wp-content\/uploads\/Hintergrund-themen_mensch1-e1396870013802.png\"><img loading=\"lazy\" decoding=\"async\" src=\"http:\/\/www.dianara-joos.ch\/wordpress\/wp-content\/uploads\/Hintergrund-themen_mensch3.png\" class=\"alignnone size-full wp-image-111\" height=\"302\" width=\"302\" \/><\/a><\/p>","protected":false},"excerpt":{"rendered":"<p>Kind-SeinZeit f\u00fcr Selbstvertrauen\u00a0\u00a0\u00a0\u00a0\u00a0\u00a0\u00a0\u00a0\u00a0 \u2026Freude\u00a0\u00a0\u00a0\u00a0\u00a0\u00a0\u00a0\u00a0\u00a0\u00a0\u00a0\u00a0\u00a0 \u2026und BalanceEin lachendes Kind verzaubert die Welt in Fr\u00f6hlichkeit und Unbeschwertheit, und\u00a0 l\u00e4sst unsere Herzen aufbl\u00fchen\u2026\u2026Die Kinder unserer ZeitDiese Kinder auch Indigo, Sternen und Kristallkinder genannt, bringen neue Herausforderungen mit, auf der einen Seite \u00fcberm\u00e4ssige Talente, auf der anderen Seite Entwicklungsproblematiken k\u00f6rperlicher, seelischer und sozialer Art. Der wache, klare Geist dieser [&hellip;]<\/p>\n","protected":false},"author":1,"featured_media":0,"parent":17,"menu_order":0,"comment_status":"closed","ping_status":"closed","template":"","meta":{"footnotes":""},"class_list":["post-63","page","type-page","status-publish","hentry"],"_links":{"self":[{"href":"https:\/\/www.dianara-joos.ch\/index.php?rest_route=\/wp\/v2\/pages\/63","targetHints":{"allow":["GET"]}}],"collection":[{"href":"https:\/\/www.dianara-joos.ch\/index.php?rest_route=\/wp\/v2\/pages"}],"about":[{"href":"https:\/\/www.dianara-joos.ch\/index.php?rest_route=\/wp\/v2\/types\/page"}],"author":[{"embeddable":true,"href":"https:\/\/www.dianara-joos.ch\/index.php?rest_route=\/wp\/v2\/users\/1"}],"replies":[{"embeddable":true,"href":"https:\/\/www.dianara-joos.ch\/index.php?rest_route=%2Fwp%2Fv2%2Fcomments&post=63"}],"version-history":[{"count":25,"href":"https:\/\/www.dianara-joos.ch\/index.php?rest_route=\/wp\/v2\/pages\/63\/revisions"}],"predecessor-version":[{"id":771,"href":"https:\/\/www.dianara-joos.ch\/index.php?rest_route=\/wp\/v2\/pages\/63\/revisions\/771"}],"up":[{"embeddable":true,"href":"https:\/\/www.dianara-joos.ch\/index.php?rest_route=\/wp\/v2\/pages\/17"}],"wp:attachment":[{"href":"https:\/\/www.dianara-joos.ch\/index.php?rest_route=%2Fwp%2Fv2%2Fmedia&parent=63"}],"curies":[{"name":"wp","href":"https:\/\/api.w.org\/{rel}","templated":true}]}}