{"id":66,"date":"2013-05-23T12:17:00","date_gmt":"2013-05-23T10:17:00","guid":{"rendered":"http:\/\/www.dianara-joos.ch\/wordpress\/?page_id=66"},"modified":"2017-02-06T18:20:29","modified_gmt":"2017-02-06T16:20:29","slug":"arbeitsmethode-3","status":"publish","type":"page","link":"https:\/\/www.dianara-joos.ch\/?page_id=66","title":{"rendered":"Klangtherapie"},"content":{"rendered":"<h1>Klangtherapie<\/h1><p>Der Klang geh\u00f6rt zu den Anf\u00e4ngen der Menschheitsentwicklung, es gibt kaum eine Kultur, in der nicht von Weltenklang oder der\u00a0 Sph\u00e4renharmonie berichtet wird.<br \/><br \/><img loading=\"lazy\" decoding=\"async\" src=\"http:\/\/www.dianara-joos.ch\/wordpress\/wp-content\/uploads\/Klangtherapie_2.jpg\" class=\"alignnone  wp-image-428\" height=\"215\" width=\"288\" srcset=\"https:\/\/www.dianara-joos.ch\/wordpress\/wp-content\/uploads\/Klangtherapie_2.jpg 450w, https:\/\/www.dianara-joos.ch\/wordpress\/wp-content\/uploads\/Klangtherapie_2-300x224.jpg 300w\" sizes=\"auto, (max-width: 288px) 100vw, 288px\" \/><\/p><p>Die Stimme z\u00e4hlt dabei zu den ureigensten Instrumenten.<\/p><p>Die Verwendung von Kl\u00e4ngen zu Heilungszwecken ist von daher uralt und wird mit neusten Techniken und Instrumenten neu kultiviert.<\/p><p>Die verschiedenen Klangr\u00e4ume : <b>Trommel, Klangschale, Klanggabeln, japanisches Gank, Stimme\u2026 <\/b>wirken so auf alle Ebenen des Menschen (physisch, seelisch,\u00a0 emotional, mental\u00a0 ), wirken harmonisierend und ausgleichend und st\u00e4rken so unser Energiesystem.<br \/><br \/><img loading=\"lazy\" decoding=\"async\" src=\"http:\/\/www.dianara-joos.ch\/wordpress\/wp-content\/uploads\/Klangtherapie_1.jpg\" class=\"alignnone  wp-image-429\" height=\"215\" width=\"288\" srcset=\"https:\/\/www.dianara-joos.ch\/wordpress\/wp-content\/uploads\/Klangtherapie_1.jpg 450w, https:\/\/www.dianara-joos.ch\/wordpress\/wp-content\/uploads\/Klangtherapie_1-300x224.jpg 300w\" sizes=\"auto, (max-width: 288px) 100vw, 288px\" \/><\/p><p>Die Schwingung des Klanges bringt uns so wieder in \u201e Einklang\u201c mit dem Leben.<br \/><br \/><img loading=\"lazy\" decoding=\"async\" src=\"http:\/\/www.dianara-joos.ch\/wordpress\/wp-content\/uploads\/Hintergrund_Arbeitsweise-Kopie.png\" class=\"alignnone size-full wp-image-419\" height=\"291\" width=\"287\" \/><\/p>","protected":false},"excerpt":{"rendered":"<p>KlangtherapieDer Klang geh\u00f6rt zu den Anf\u00e4ngen der Menschheitsentwicklung, es gibt kaum eine Kultur, in der nicht von Weltenklang oder der\u00a0 Sph\u00e4renharmonie berichtet wird.Die Stimme z\u00e4hlt dabei zu den ureigensten Instrumenten.Die Verwendung von Kl\u00e4ngen zu Heilungszwecken ist von daher uralt und wird mit neusten Techniken und Instrumenten neu kultiviert.Die verschiedenen Klangr\u00e4ume : Trommel, Klangschale, Klanggabeln, japanisches [&hellip;]<\/p>\n","protected":false},"author":1,"featured_media":0,"parent":21,"menu_order":0,"comment_status":"closed","ping_status":"closed","template":"","meta":{"footnotes":""},"class_list":["post-66","page","type-page","status-publish","hentry"],"_links":{"self":[{"href":"https:\/\/www.dianara-joos.ch\/index.php?rest_route=\/wp\/v2\/pages\/66","targetHints":{"allow":["GET"]}}],"collection":[{"href":"https:\/\/www.dianara-joos.ch\/index.php?rest_route=\/wp\/v2\/pages"}],"about":[{"href":"https:\/\/www.dianara-joos.ch\/index.php?rest_route=\/wp\/v2\/types\/page"}],"author":[{"embeddable":true,"href":"https:\/\/www.dianara-joos.ch\/index.php?rest_route=\/wp\/v2\/users\/1"}],"replies":[{"embeddable":true,"href":"https:\/\/www.dianara-joos.ch\/index.php?rest_route=%2Fwp%2Fv2%2Fcomments&post=66"}],"version-history":[{"count":7,"href":"https:\/\/www.dianara-joos.ch\/index.php?rest_route=\/wp\/v2\/pages\/66\/revisions"}],"predecessor-version":[{"id":669,"href":"https:\/\/www.dianara-joos.ch\/index.php?rest_route=\/wp\/v2\/pages\/66\/revisions\/669"}],"up":[{"embeddable":true,"href":"https:\/\/www.dianara-joos.ch\/index.php?rest_route=\/wp\/v2\/pages\/21"}],"wp:attachment":[{"href":"https:\/\/www.dianara-joos.ch\/index.php?rest_route=%2Fwp%2Fv2%2Fmedia&parent=66"}],"curies":[{"name":"wp","href":"https:\/\/api.w.org\/{rel}","templated":true}]}}